{"id":2,"date":"2020-05-24T09:56:44","date_gmt":"2020-05-24T11:56:44","guid":{"rendered":"http:\/\/vinilonamai.lt\/?page_id=2"},"modified":"2020-11-27T16:33:49","modified_gmt":"2020-11-27T13:33:49","slug":"taisykles","status":"publish","type":"page","link":"https:\/\/vinilonamai.lt\/?page_id=2","title":{"rendered":"Taisykl\u0117s"},"content":{"rendered":"\t\t<div data-elementor-type=\"wp-page\" data-elementor-id=\"2\" class=\"elementor elementor-2\" data-elementor-settings=\"[]\">\n\t\t\t<div class=\"elementor-inner\">\n\t\t\t\t<div class=\"elementor-section-wrap\">\n\t\t\t\t\t\t\t<section class=\"elementor-element elementor-element-13023b elementor-section-boxed elementor-section-height-default elementor-section-height-default elementor-section elementor-top-section\" data-id=\"13023b\" data-element_type=\"section\">\n\t\t\t\t\t\t<div class=\"elementor-container elementor-column-gap-default\">\n\t\t\t\t<div class=\"elementor-row\">\n\t\t\t\t<div class=\"elementor-element elementor-element-7655ddac elementor-column elementor-col-100 elementor-top-column\" data-id=\"7655ddac\" data-element_type=\"column\">\n\t\t\t<div class=\"elementor-column-wrap  elementor-element-populated\">\n\t\t\t\t\t<div class=\"elementor-widget-wrap\">\n\t\t\t\t<div class=\"elementor-element elementor-element-23b27f52 elementor-widget elementor-widget-text-editor\" data-id=\"23b27f52\" data-element_type=\"widget\" data-widget_type=\"text-editor.default\">\n\t\t\t\t<div class=\"elementor-widget-container\">\n\t\t\t\t\t<div class=\"elementor-text-editor elementor-clearfix\"><!-- wp:paragraph -->\n<p>1. BENDROSIOS NUOSTATOS<\/p>\n<p>\u0160ios pirkimo \u2013 pardavimo taisykl\u0117s (toliau Taisykl\u0117s), yra \u0161alims privalomas teisinis dokumentas nusakantis Pirk\u0117jo (toliau Pirk\u0117jas) ir Pardav\u0117jo (toliau Pardav\u0117jas) teises bei pareigas, preki\u0173 \u012fsigijimo bei apmok\u0117jimo u\u017e jas s\u0105lygas, preki\u0173 pristatymo ir gr\u0105\u017einimo tvark\u0105, \u0161ali\u0173 atsakomyb\u0119 bei kitus su preki\u0173 pirkimu \u2013 pardavimu Vinilonamai.lt elektronin\u0117je parduotuv\u0117je susijusius aspektus.<\/p>\n<p>2. PREKI\u0172 \u012eSIGIJIMAS ELEKTRONIN\u0116JE PARDUOTUV\u0116J\u0116<\/p>\n<p>2.1. I\u0161sirinkite prekes, \u012fd\u0117kite jas \u012f krep\u0161el\u012f bei spauskite \u201ePirkti\u201c.<\/p>\n<p>2.2. U\u017esiregistruokite arba apsipirkite kaip sve\u010dias.<\/p>\n<p>2.3. U\u017epildykite arba patvirtinkite savo kontaktinius duomenis.<\/p>\n<p>2.4. Pasirinkite Jums priimtin\u0105 pristatymo bei apmok\u0117jimo b\u016bd\u0105.<\/p>\n<p>2.5. Patikrinkite ar u\u017esakymas bei kontaktin\u0117 informacija yra teisingi ir patvirtinkite u\u017esakym\u0105.<\/p>\n<p>3. PREKI\u0172 KAINOS, TERMINAI IR ATSISKAITYMO B\u016aDAI<\/p>\n<p>3.1. Preki\u0173 kainos nurodytos eurais.<\/p>\n<p>3.2. Vinilonamai.lt elektronin\u0117 parduotuv\u0117 turi teis\u0119 be persp\u0117jimo pakeisti elektronin\u0117je parduotuv\u0117je parduodam\u0173 produkt\u0173 kainas.<\/p>\n<p>3.3. Galimi \u0161ie atsiskaitymo b\u016bdai:<\/p>\n<p>3.3.1. Atsiskaitymas bet kuriame banko skyriuje ar elektronine bankininkyste pagal pateiktus atsiskaitomosios s\u0105skaitos rekvizitus.<\/p>\n<p>3.3.2. Atsiskaitymas grynaisiais pinigais atsiimant prekes susitikimo metu.(viet\u0105 ir laik\u0105 suderinus atskiru susitarimu )<\/p>\n<p>4. PREKI\u0172 GR\u0104\u017dINIMAS<\/p>\n<p>4.1. Norint gr\u0105\u017einti Vinilonamai.lt elektronin\u0117je parduotuv\u0117je \u012fsigytas prekes reikia \u017einoti:<\/p>\n<p>4.1.1.B\u016btina informuoti mus el. pa\u0161tu info@vinilonamai.lt (nurodykite u\u017esakymo numer\u012f, gr\u0105\u017einimo prie\u017eastis ir gr\u0105\u017eintin\u0173 preki\u0173 s\u0105ra\u0161\u0105) per 3 darbo dienas nuo preki\u0173 pristatymo datos.<\/p>\n<p>4.1.2. Kai prek\u0117s gr\u0105\u017einimo prie\u017eastis yra netinkama kokyb\u0117 arba gavote ne t\u0105 produkt\u0105, kur\u012f u\u017esak\u0117te, mes \u012fsipareigojame savo l\u0117\u0161omis pasirinktinai pakeisti netinkamos kokyb\u0117s prek\u0119 tinkamos kokyb\u0117s preke arba gr\u0105\u017einti u\u017e prek\u0119 sumok\u0117tus pinigus.<\/p>\n<p>4.1.3. Netinkamos kokyb\u0117s prek\u0117s kei\u010diamos ar gr\u0105\u017einamos vadovaujantis \u201eDaikt\u0173 gr\u0105\u017einimo ir keitimo taisykl\u0117mis\u201c, patvirtintomis 2001 m. bir\u017eelio 29 d. \u016bkio ministro \u012fsakymu Nr. 217.;<\/p>\n<p>4.1.4. Tinkamos kokyb\u0117s prek\u0117s gr\u0105\u017einamos remiantis LR \u016bkio ministro 2001 m. rugpj\u016b\u010dio 17 d. \u012fsakymu Nr. 258 patvirtint\u0173 \u201eDaikt\u0173 pardavimo ir paslaug\u0173 teikimo, kai sutartys sudaromos naudojant ry\u0161io priemones, taisykli\u0173\u201c nustatyta tvarka. \u0160iuo atveju preki\u0173 gr\u0105\u017einimo i\u0161laidas apmoka pirk\u0117jas.<\/p>\n<p>4.2. Gr\u0105\u017einant prekes b\u016btina laikytis \u0161i\u0173 s\u0105lyg\u0173:<\/p>\n<p>4.2.1.\u00a0 Prek\u0117 turi b\u016bti Pirk\u0117jo nesugadinta.<\/p>\n<p>4.2.2. Prek\u0117 turi b\u016bti nepraradusi prekin\u0117s i\u0161vaizdos.<\/p>\n<p>4.2.3. Gr\u0105\u017einama prek\u0117 turi b\u016bti tos pa\u010dios komplektacijos, kokios buvo Pirk\u0117jo gauta.<\/p>\n<p>5. ASMENS DUOMEN\u0172 APSAUGA<\/p>\n<p>5.1. Mes garantuojame:<\/p>\n<p>5.1.1 Vinilonamai.lt elektronin\u0117je parduotuv\u0117je Pirk\u0117jo pateikt\u0173 asmenini\u0173 duomen\u0173 (vardas, pavard\u0117, adresas, telefono numeris, elektroninio pa\u0161to adresas ir kt.) saugum\u0105.<\/p>\n<p>5.1.2. Asmenin\u0117 informacija bus panaudota tik preki\u0173 pirkimo-pardavimo sandoriui atlikti.<\/p>\n<p>5.1.3. Asmenin\u0117 informacija nebus perduota tretiesiems asmenims be J\u016bs\u0173 sutikimo.<\/p>\n<p>5.1.4. J\u016bs\u0173 pateikta asmenin\u0117 informacija bus panaudota tik pirkimo-pardavimo sandoriui atlikti i\u0161skyrus LR \u012fstatymais reglamentuojamus atvejus.<\/p>\n<p>6. PIRKIMO \u2013 PARDAVIMO SUTARTIES SUDARYMAS<\/p>\n<p>6.1. Pirk\u0117jas, nor\u0117damas \u012fsigyti elektronin\u0117je parduotuv\u0117je parduodamas prekes, privalo perskaityti pirkimo taisykles ir s\u0105lygas;<\/p>\n<p>6.2. Mok\u0117jimo informacijos skiltyje patvirtinti, kad su taisykl\u0117mis ir s\u0105lygomis susipa\u017eino.<\/p>\n<p>7. PIRK\u0116JO TEIS\u0116S IR \u012eSIPAREIGOJIMAI<\/p>\n<p>7.1. Pirk\u0117jas turi teis\u0119 pirkti prekes Vinilonamai.lt elektronin\u0117je parduotuv\u0117se bei \u012fsipareigoja laikytis \u0161i\u0173 pirkimo \u2013 pardavimo taisykli\u0173.<\/p>\n<p>7.2. Pirk\u0117jas turi teis\u0119 atsisakyti\u00a0 elektronin\u0117je parduotuv\u0117je \u012fsigyt\u0173 preki\u0173 (\u017ei\u016br\u0117ti 4 skyri\u0173).<\/p>\n<p>7.3. Pirk\u0117jas \u012fsipareigoja neperduoti tretiesiems asmenims savo prisijungimo duomen\u0173. Jei Pirk\u0117jas praranda prisijungimo duomenis, jis privalo nedelsiant informuoti apie tai Vinilonamai.lt elektronin\u0117s parduotuv\u0117s administracij\u0105 el. pa\u0161tu info@vinilonamai.lt<\/p>\n<p>7.4. Pasikeitus Pirk\u0117jo registracijos formoje pateiktiems duomenims, jis privalo nedelsdamas juos atnaujinti.<\/p>\n<p>7.5. Jei Pirk\u0117jas preki\u0173 pristatymo metu be svarbi\u0173 prie\u017eas\u010di\u0173 atsisako priimti prekes, Jis privalo padengti preki\u0173 pristatymo i\u0161laidas.<\/p>\n<p>7.6. Pirk\u0117jas, naudodamasis Vinilonamai.lt elektronine parduotuve, sutinka su \u0161iomis pirkimo \u2013 pardavimo taisykl\u0117mis ir \u012fsipareigoja j\u0173 laikytis.<\/p>\n<p>8. PARDAV\u0116JO TEIS\u0116S IR \u012eSIPAREIGOJIMAI<\/p>\n<p>8.1. Pirk\u0117jui s\u0105moningai ar nes\u0105moningai kenkiant ar m\u0117ginant pakenkti elektronin\u0117s parduotuv\u0117s darbui ir\/arba pa\u017eeid\u017eiant savo \u012fsipareigojimus, Pardav\u0117jas turi teis\u0119 nedelsiant ir be persp\u0117jimo apriboti ar sustabdyti Pirk\u0117jo galimyb\u0119 naudotis\u00a0 elektronine parduotuve, i\u0161skirtiniais atvejais panaikinti Pirk\u0117jo registracij\u0105.<\/p>\n<p>8.2. Esant nuo Pardav\u0117jo nepriklausomoms aplinkyb\u0117ms (nenugalima gamtos j\u0117ga \u201eforce majeure\u201c) ir kitoms svarbioms aplinkyb\u0117ms, Pardav\u0117jas gali laikinai arba i\u0161 viso nutraukti internetin\u0117s prekybos parduotuv\u0117s veikl\u0105, apie tai i\u0161 anksto neprane\u0161\u0119s Pirk\u0117jui.<\/p>\n<p>8.3. Pardav\u0117jas \u012fsipareigoja sudaryti visas s\u0105lygas Pirk\u0117jui tinkamai naudotis elektronin\u0117s parduotuv\u0117s teikiamomis paslaugomis.<\/p>\n<p>8.4. Pardav\u0117jas \u012fsipareigoja pristatyti Pirk\u0117jo u\u017esakytas prekes jo nurodytu adresu \u0161iose taisykl\u0117se nurodytomis s\u0105lygomis.<\/p>\n<p>8.5. Pardav\u0117jas, d\u0117l svarbi\u0173 aplinkybi\u0173 negal\u0117damas pristatyti Pirk\u0117jui u\u017esakytos prek\u0117s, \u012fsipareigoja pasi\u016blyti analogi\u0161k\u0105 ar kiek \u012fmanoma savo savyb\u0117mis pana\u0161esn\u0119 prek\u0119. Pirk\u0117jui atsisakius priimti analogi\u0161k\u0105 ar savo savyb\u0117mis pana\u0161iausi\u0105 prek\u0119, Pardav\u0117jas \u012fsipareigoja gr\u0105\u017einti Pirk\u0117jui sumok\u0117tus pinigus per 5 (penkias) darbo dienas, jeigu buvo atliktas i\u0161ankstinis apmok\u0117jimas.<\/p>\n<p>9. ATSAKOMYB\u0116<\/p>\n<p>9.1. Pirk\u0117jas yra visi\u0161kai atsakingas u\u017e registracijos formoje pateikt\u0173 duomen\u0173 teisingum\u0105. Jei Pirk\u0117jas registracijos formoje pateikia netikslius duomenis, Pardav\u0117jas neatsako u\u017e d\u0117l to atsiradusius padarinius.<\/p>\n<p>9.2. Pirk\u0117jas atsako u\u017e savo prisijungimo duomen\u0173 saugum\u0105 ir perdavimo tretiesiems asmenims atveju po to sekantys tre\u010di\u0173j\u0173 \u0161ali\u0173 veiksmai elektronin\u0117je parduotuv\u0117je, pasinaudojant perduotais duomenimis, tampa Pirk\u0117jo atsakomybe.<\/p>\n<p>9.3. Pirk\u0117jas atsako u\u017e savo veiksmus, atliktus naudojantis elektronine parduotuve.<\/p>\n<p>9.4. Jei Pardav\u0117jo elektronin\u0117je parduotuv\u0117je yra nuorodos \u012f kit\u0173 \u012fmoni\u0173, \u012fstaig\u0173, organizacij\u0173 ar asmen\u0173 tinklapius, Pardav\u0117jas n\u0117ra atsakingas u\u017e ten esan\u010di\u0105 informacij\u0105 ar vykdom\u0105 veikl\u0105, t\u0173 tinklapi\u0173 nepri\u017ei\u016bri, nekontroliuoja ir toms \u012fmon\u0117ms bei asmenims neatstovauja. Atsiradus \u017ealai, kaltoji \u0161alis atlygina kitai \u0161aliai tiesioginius nuostolius.<\/p>\n<p>10. BAIGIAMOSIOS NUOSTATOS<\/p>\n<p>Pardav\u0117jas pasilieka teis\u0119 bet kuriuo metu pakeisti arba papildyti \u0161ias Taisykles.<\/p>\n<p>Visi kil\u0119 nesutarimai sprend\u017eiami deryb\u0173 keliu. Nepavykus pasiekti abipusio susitarimo probleminiai klausimai sprend\u017eiami LR \u012fstatym\u0173 nustatyta tvarka.<\/p>\n<!-- \/wp:paragraph --><\/div>\n\t\t\t\t<\/div>\n\t\t\t\t<\/div>\n\t\t\t\t\t\t<\/div>\n\t\t\t<\/div>\n\t\t<\/div>\n\t\t\t\t\t\t<\/div>\n\t\t\t<\/div>\n\t\t<\/section>\n\t\t\t\t\t\t<\/div>\n\t\t\t<\/div>\n\t\t<\/div>\n\t\t","protected":false},"excerpt":{"rendered":"<p>1. BENDROSIOS NUOSTATOS \u0160ios pirkimo \u2013 pardavimo taisykl\u0117s (toliau Taisykl\u0117s), yra \u0161alims privalomas teisinis dokumentas nusakantis Pirk\u0117jo (toliau Pirk\u0117jas) ir Pardav\u0117jo (toliau Pardav\u0117jas) teises bei pareigas, preki\u0173 \u012fsigijimo bei apmok\u0117jimo u\u017e jas s\u0105lygas, preki\u0173 pristatymo ir gr\u0105\u017einimo tvark\u0105, \u0161ali\u0173 atsakomyb\u0119 bei kitus su preki\u0173 pirkimu \u2013 pardavimu Vinilonamai.lt elektronin\u0117je parduotuv\u0117je susijusius aspektus. 2. PREKI\u0172 \u012eSIGIJIMAS [&hellip;]<\/p>\n","protected":false},"author":2,"featured_media":0,"parent":0,"menu_order":0,"comment_status":"closed","ping_status":"closed","template":"","meta":{"_acf_changed":false,"footnotes":""},"class_list":["post-2","page","type-page","status-publish","hentry"],"acf":[],"rankMath":{"parentDomain":"vinilonamai.lt","noFollowDomains":[],"noFollowExcludeDomains":[],"noFollowExternalLinks":false,"featuredImageNotice":"The featured image should be at least 200 by 200 pixels to be picked up by Facebook and other social media sites.","pluginReviewed":false,"postSettings":{"linkSuggestions":true,"useFocusKeyword":false},"frontEndScore":false,"postName":"taisykles","permalinkFormat":"https:\/\/vinilonamai.lt\/?page_id=2","showLockModifiedDate":true,"assessor":{"focusKeywordLink":"https:\/\/vinilonamai.lt\/wp-admin\/edit.php?focus_keyword=%focus_keyword%&post_type=%post_type%","hasTOCPlugin":true,"primaryTaxonomy":false,"serpData":{"title":"","description":"","focusKeywords":"","pillarContent":false,"canonicalUrl":"","breadcrumbTitle":"","advancedRobots":{"max-snippet":"-1","max-video-preview":"-1","max-image-preview":"large"},"facebookTitle":"","facebookDescription":"","facebookImage":"","facebookImageID":"","facebookHasOverlay":false,"facebookImageOverlay":"play","facebookAuthor":"","twitterCardType":"summary_large_image","twitterUseFacebook":true,"twitterTitle":"","twitterDescription":"","twitterImage":"","twitterImageID":"","twitterHasOverlay":false,"twitterImageOverlay":"play","twitterPlayerUrl":"","twitterPlayerSize":"","twitterPlayerStream":"","twitterPlayerStreamCtype":"","twitterAppDescription":"","twitterAppIphoneName":"","twitterAppIphoneID":"","twitterAppIphoneUrl":"","twitterAppIpadName":"","twitterAppIpadID":"","twitterAppIpadUrl":"","twitterAppGoogleplayName":"","twitterAppGoogleplayID":"","twitterAppGoogleplayUrl":"","twitterAppCountry":"","robots":{"index":true},"twitterAuthor":"username","primaryTerm":0,"authorName":"Arunas B.","titleTemplate":"%title% %sep% %sitename%","descriptionTemplate":"%excerpt%","showScoreFrontend":true,"lockModifiedDate":false},"powerWords":[],"diacritics":{"A":"[\\u0041\\u24B6\\uFF21\\u00C0\\u00C1\\u00C2\\u1EA6\\u1EA4\\u1EAA\\u1EA8\\u00C3\\u0100\\u0102\\u1EB0\\u1EAE\\u1EB4\\u1EB2\\u0226\\u01E0\\u00C4\\u01DE\\u1EA2\\u00C5\\u01FA\\u01CD\\u0200\\u0202\\u1EA0\\u1EAC\\u1EB6\\u1E00\\u0104\\u023A\\u2C6F]","AA":"[\\uA732]","AE":"[\\u00C6\\u01FC\\u01E2]","AO":"[\\uA734]","AU":"[\\uA736]","AV":"[\\uA738\\uA73A]","AY":"[\\uA73C]","B":"[\\u0042\\u24B7\\uFF22\\u1E02\\u1E04\\u1E06\\u0243\\u0182\\u0181]","C":"[\\u0043\\u24B8\\uFF23\\u0106\\u0108\\u010A\\u010C\\u00C7\\u1E08\\u0187\\u023B\\uA73E]","D":"[\\u0044\\u24B9\\uFF24\\u1E0A\\u010E\\u1E0C\\u1E10\\u1E12\\u1E0E\\u0110\\u018B\\u018A\\u0189\\uA779]","DZ":"[\\u01F1\\u01C4]","Dz":"[\\u01F2\\u01C5]","E":"[\\u0045\\u24BA\\uFF25\\u00C8\\u00C9\\u00CA\\u1EC0\\u1EBE\\u1EC4\\u1EC2\\u1EBC\\u0112\\u1E14\\u1E16\\u0114\\u0116\\u00CB\\u1EBA\\u011A\\u0204\\u0206\\u1EB8\\u1EC6\\u0228\\u1E1C\\u0118\\u1E18\\u1E1A\\u0190\\u018E]","F":"[\\u0046\\u24BB\\uFF26\\u1E1E\\u0191\\uA77B]","G":"[\\u0047\\u24BC\\uFF27\\u01F4\\u011C\\u1E20\\u011E\\u0120\\u01E6\\u0122\\u01E4\\u0193\\uA7A0\\uA77D\\uA77E]","H":"[\\u0048\\u24BD\\uFF28\\u0124\\u1E22\\u1E26\\u021E\\u1E24\\u1E28\\u1E2A\\u0126\\u2C67\\u2C75\\uA78D]","I":"[\\u0049\\u24BE\\uFF29\\u00CC\\u00CD\\u00CE\\u0128\\u012A\\u012C\\u0130\\u00CF\\u1E2E\\u1EC8\\u01CF\\u0208\\u020A\\u1ECA\\u012E\\u1E2C\\u0197]","J":"[\\u004A\\u24BF\\uFF2A\\u0134\\u0248]","K":"[\\u004B\\u24C0\\uFF2B\\u1E30\\u01E8\\u1E32\\u0136\\u1E34\\u0198\\u2C69\\uA740\\uA742\\uA744\\uA7A2]","L":"[\\u004C\\u24C1\\uFF2C\\u013F\\u0139\\u013D\\u1E36\\u1E38\\u013B\\u1E3C\\u1E3A\\u0141\\u023D\\u2C62\\u2C60\\uA748\\uA746\\uA780]","LJ":"[\\u01C7]","Lj":"[\\u01C8]","M":"[\\u004D\\u24C2\\uFF2D\\u1E3E\\u1E40\\u1E42\\u2C6E\\u019C]","N":"[\\u004E\\u24C3\\uFF2E\\u01F8\\u0143\\u00D1\\u1E44\\u0147\\u1E46\\u0145\\u1E4A\\u1E48\\u0220\\u019D\\uA790\\uA7A4]","NJ":"[\\u01CA]","Nj":"[\\u01CB]","O":"[\\u004F\\u24C4\\uFF2F\\u00D2\\u00D3\\u00D4\\u1ED2\\u1ED0\\u1ED6\\u1ED4\\u00D5\\u1E4C\\u022C\\u1E4E\\u014C\\u1E50\\u1E52\\u014E\\u022E\\u0230\\u00D6\\u022A\\u1ECE\\u0150\\u01D1\\u020C\\u020E\\u01A0\\u1EDC\\u1EDA\\u1EE0\\u1EDE\\u1EE2\\u1ECC\\u1ED8\\u01EA\\u01EC\\u00D8\\u01FE\\u0186\\u019F\\uA74A\\uA74C]","OI":"[\\u01A2]","OO":"[\\uA74E]","OU":"[\\u0222]","P":"[\\u0050\\u24C5\\uFF30\\u1E54\\u1E56\\u01A4\\u2C63\\uA750\\uA752\\uA754]","Q":"[\\u0051\\u24C6\\uFF31\\uA756\\uA758\\u024A]","R":"[\\u0052\\u24C7\\uFF32\\u0154\\u1E58\\u0158\\u0210\\u0212\\u1E5A\\u1E5C\\u0156\\u1E5E\\u024C\\u2C64\\uA75A\\uA7A6\\uA782]","S":"[\\u0053\\u24C8\\uFF33\\u1E9E\\u015A\\u1E64\\u015C\\u1E60\\u0160\\u1E66\\u1E62\\u1E68\\u0218\\u015E\\u2C7E\\uA7A8\\uA784]","T":"[\\u0054\\u24C9\\uFF34\\u1E6A\\u0164\\u1E6C\\u021A\\u0162\\u1E70\\u1E6E\\u0166\\u01AC\\u01AE\\u023E\\uA786]","TZ":"[\\uA728]","U":"[\\u0055\\u24CA\\uFF35\\u00D9\\u00DA\\u00DB\\u0168\\u1E78\\u016A\\u1E7A\\u016C\\u00DC\\u01DB\\u01D7\\u01D5\\u01D9\\u1EE6\\u016E\\u0170\\u01D3\\u0214\\u0216\\u01AF\\u1EEA\\u1EE8\\u1EEE\\u1EEC\\u1EF0\\u1EE4\\u1E72\\u0172\\u1E76\\u1E74\\u0244]","V":"[\\u0056\\u24CB\\uFF36\\u1E7C\\u1E7E\\u01B2\\uA75E\\u0245]","VY":"[\\uA760]","W":"[\\u0057\\u24CC\\uFF37\\u1E80\\u1E82\\u0174\\u1E86\\u1E84\\u1E88\\u2C72]","X":"[\\u0058\\u24CD\\uFF38\\u1E8A\\u1E8C]","Y":"[\\u0059\\u24CE\\uFF39\\u1EF2\\u00DD\\u0176\\u1EF8\\u0232\\u1E8E\\u0178\\u1EF6\\u1EF4\\u01B3\\u024E\\u1EFE]","Z":"[\\u005A\\u24CF\\uFF3A\\u0179\\u1E90\\u017B\\u017D\\u1E92\\u1E94\\u01B5\\u0224\\u2C7F\\u2C6B\\uA762]","a":"[\\u0061\\u24D0\\uFF41\\u1E9A\\u00E0\\u00E1\\u00E2\\u1EA7\\u1EA5\\u1EAB\\u1EA9\\u00E3\\u0101\\u0103\\u1EB1\\u1EAF\\u1EB5\\u1EB3\\u0227\\u01E1\\u00E4\\u01DF\\u1EA3\\u00E5\\u01FB\\u01CE\\u0201\\u0203\\u1EA1\\u1EAD\\u1EB7\\u1E01\\u0105\\u2C65\\u0250]","aa":"[\\uA733]","ae":"[\\u00E6\\u01FD\\u01E3]","ao":"[\\uA735]","au":"[\\uA737]","av":"[\\uA739\\uA73B]","ay":"[\\uA73D]","b":"[\\u0062\\u24D1\\uFF42\\u1E03\\u1E05\\u1E07\\u0180\\u0183\\u0253]","c":"[\\u0063\\u24D2\\uFF43\\u0107\\u0109\\u010B\\u010D\\u00E7\\u1E09\\u0188\\u023C\\uA73F\\u2184]","d":"[\\u0064\\u24D3\\uFF44\\u1E0B\\u010F\\u1E0D\\u1E11\\u1E13\\u1E0F\\u0111\\u018C\\u0256\\u0257\\uA77A]","dz":"[\\u01F3\\u01C6]","e":"[\\u0065\\u24D4\\uFF45\\u00E8\\u00E9\\u00EA\\u1EC1\\u1EBF\\u1EC5\\u1EC3\\u1EBD\\u0113\\u1E15\\u1E17\\u0115\\u0117\\u00EB\\u1EBB\\u011B\\u0205\\u0207\\u1EB9\\u1EC7\\u0229\\u1E1D\\u0119\\u1E19\\u1E1B\\u0247\\u025B\\u01DD]","f":"[\\u0066\\u24D5\\uFF46\\u1E1F\\u0192\\uA77C]","g":"[\\u0067\\u24D6\\uFF47\\u01F5\\u011D\\u1E21\\u011F\\u0121\\u01E7\\u0123\\u01E5\\u0260\\uA7A1\\u1D79\\uA77F]","h":"[\\u0068\\u24D7\\uFF48\\u0125\\u1E23\\u1E27\\u021F\\u1E25\\u1E29\\u1E2B\\u1E96\\u0127\\u2C68\\u2C76\\u0265]","hv":"[\\u0195]","i":"[\\u0069\\u24D8\\uFF49\\u00EC\\u00ED\\u00EE\\u0129\\u012B\\u012D\\u00EF\\u1E2F\\u1EC9\\u01D0\\u0209\\u020B\\u1ECB\\u012F\\u1E2D\\u0268\\u0131]","j":"[\\u006A\\u24D9\\uFF4A\\u0135\\u01F0\\u0249]","k":"[\\u006B\\u24DA\\uFF4B\\u1E31\\u01E9\\u1E33\\u0137\\u1E35\\u0199\\u2C6A\\uA741\\uA743\\uA745\\uA7A3]","l":"[\\u006C\\u24DB\\uFF4C\\u0140\\u013A\\u013E\\u1E37\\u1E39\\u013C\\u1E3D\\u1E3B\\u017F\\u0142\\u019A\\u026B\\u2C61\\uA749\\uA781\\uA747]","lj":"[\\u01C9]","m":"[\\u006D\\u24DC\\uFF4D\\u1E3F\\u1E41\\u1E43\\u0271\\u026F]","n":"[\\u006E\\u24DD\\uFF4E\\u01F9\\u0144\\u00F1\\u1E45\\u0148\\u1E47\\u0146\\u1E4B\\u1E49\\u019E\\u0272\\u0149\\uA791\\uA7A5]","nj":"[\\u01CC]","o":"[\\u006F\\u24DE\\uFF4F\\u00F2\\u00F3\\u00F4\\u1ED3\\u1ED1\\u1ED7\\u1ED5\\u00F5\\u1E4D\\u022D\\u1E4F\\u014D\\u1E51\\u1E53\\u014F\\u022F\\u0231\\u00F6\\u022B\\u1ECF\\u0151\\u01D2\\u020D\\u020F\\u01A1\\u1EDD\\u1EDB\\u1EE1\\u1EDF\\u1EE3\\u1ECD\\u1ED9\\u01EB\\u01ED\\u00F8\\u01FF\\u0254\\uA74B\\uA74D\\u0275]","oi":"[\\u01A3]","ou":"[\\u0223]","oo":"[\\uA74F]","p":"[\\u0070\\u24DF\\uFF50\\u1E55\\u1E57\\u01A5\\u1D7D\\uA751\\uA753\\uA755]","q":"[\\u0071\\u24E0\\uFF51\\u024B\\uA757\\uA759]","r":"[\\u0072\\u24E1\\uFF52\\u0155\\u1E59\\u0159\\u0211\\u0213\\u1E5B\\u1E5D\\u0157\\u1E5F\\u024D\\u027D\\uA75B\\uA7A7\\uA783]","s":"[\\u0073\\u24E2\\uFF53\\u015B\\u1E65\\u015D\\u1E61\\u0161\\u1E67\\u1E63\\u1E69\\u0219\\u015F\\u023F\\uA7A9\\uA785\\u1E9B]","ss":"[\\u00DF]","t":"[\\u0074\\u24E3\\uFF54\\u1E6B\\u1E97\\u0165\\u1E6D\\u021B\\u0163\\u1E71\\u1E6F\\u0167\\u01AD\\u0288\\u2C66\\uA787]","tz":"[\\uA729]","u":"[\\u0075\\u24E4\\uFF55\\u00F9\\u00FA\\u00FB\\u0169\\u1E79\\u016B\\u1E7B\\u016D\\u00FC\\u01DC\\u01D8\\u01D6\\u01DA\\u1EE7\\u016F\\u0171\\u01D4\\u0215\\u0217\\u01B0\\u1EEB\\u1EE9\\u1EEF\\u1EED\\u1EF1\\u1EE5\\u1E73\\u0173\\u1E77\\u1E75\\u0289]","v":"[\\u0076\\u24E5\\uFF56\\u1E7D\\u1E7F\\u028B\\uA75F\\u028C]","vy":"[\\uA761]","w":"[\\u0077\\u24E6\\uFF57\\u1E81\\u1E83\\u0175\\u1E87\\u1E85\\u1E98\\u1E89\\u2C73]","x":"[\\u0078\\u24E7\\uFF58\\u1E8B\\u1E8D]","y":"[\\u0079\\u24E8\\uFF59\\u1EF3\\u00FD\\u0177\\u1EF9\\u0233\\u1E8F\\u00FF\\u1EF7\\u1E99\\u1EF5\\u01B4\\u024F\\u1EFF]","z":"[\\u007A\\u24E9\\uFF5A\\u017A\\u1E91\\u017C\\u017E\\u1E93\\u1E95\\u01B6\\u0225\\u0240\\u2C6C\\uA763]"},"researchesTests":["contentHasTOC","contentHasShortParagraphs","contentHasAssets","keywordInTitle","keywordInMetaDescription","keywordInPermalink","keywordIn10Percent","keywordInContent","keywordInSubheadings","keywordInImageAlt","keywordDensity","keywordNotUsed","lengthContent","lengthPermalink","linksHasInternal","linksHasExternals","linksNotAllExternals","titleStartWithKeyword","titleSentiment","titleHasPowerWords","titleHasNumber","hasContentAI"],"hasRedirection":true,"hasBreadcrumb":false},"homeUrl":"https:\/\/vinilonamai.lt","objectID":2,"objectType":"post","locale":"lt","localeFull":"lt_LT","overlayImages":{"play":{"name":"Play icon","url":"https:\/\/vinilonamai.lt\/wp-content\/plugins\/seo-by-rank-math\/assets\/admin\/img\/icon-play.png","path":"\/home\/u802532265\/domains\/vinilonamai.lt\/public_html\/wp-content\/plugins\/seo-by-rank-math\/assets\/admin\/img\/icon-play.png","position":"middle_center"},"gif":{"name":"GIF icon","url":"https:\/\/vinilonamai.lt\/wp-content\/plugins\/seo-by-rank-math\/assets\/admin\/img\/icon-gif.png","path":"\/home\/u802532265\/domains\/vinilonamai.lt\/public_html\/wp-content\/plugins\/seo-by-rank-math\/assets\/admin\/img\/icon-gif.png","position":"middle_center"}},"defautOgImage":"https:\/\/vinilonamai.lt\/wp-content\/plugins\/seo-by-rank-math\/assets\/admin\/img\/social-placeholder.jpg","customPermalinks":false,"isUserRegistered":false,"autoSuggestKeywords":false,"connectSiteUrl":"https:\/\/rankmath.com\/auth?site=https%3A%2F%2Fvinilonamai.lt&r=https%3A%2F%2Fvinilonamai.lt%2Findex.php%3Frest_route%3D%252Fwp%252Fv2%252Fpages%252F2%26nonce%3D368261e476","maxTags":5,"trendsIcon":"<svg viewBox=\"0 0 610 610\"><path d=\"M18.85,446,174.32,290.48l58.08,58.08L76.93,504a14.54,14.54,0,0,1-20.55,0L18.83,466.48a14.54,14.54,0,0,1,0-20.55Z\" style=\"fill:#4285f4\"\/><path d=\"M242.65,242.66,377.59,377.6l-47.75,47.75a14.54,14.54,0,0,1-20.55,0L174.37,290.43l47.75-47.75A14.52,14.52,0,0,1,242.65,242.66Z\" style=\"fill:#ea4335\"\/><polygon points=\"319.53 319.53 479.26 159.8 537.34 217.88 377.61 377.62 319.53 319.53\" style=\"fill:#fabb05\"\/><path d=\"M594.26,262.73V118.61h0a16.94,16.94,0,0,0-16.94-16.94H433.2a16.94,16.94,0,0,0-12,28.92L565.34,274.71h0a16.94,16.94,0,0,0,28.92-12Z\" style=\"fill:#34a853\"\/><rect width=\"610\" height=\"610\" style=\"fill:none\"\/><\/svg>","showScore":true,"siteFavIcon":"data:image\/png;base64,iVBORw0KGgoAAAANSUhEUgAAABAAAAAQCAYAAAAf8\/9hAAABs0lEQVR4AWL4\/\/8\/RRjO8Iucx+noO0MWUDo16FYABMGP6ZfUcRnWtm27jVPbtm3bttuH2t3eFPcY9pLz7NxiLjCyVd87pKnHyqXyxtCs8APd0rnyxiu4qSeA3QEDrAwBDrT1s1Rc\/OrjLZwqVmOSu6+Lamcpp2KKMA9PH1BYXMe1mUP5qotvXTywsOEEYHXxrY+3cqk6TMkYpNr2FeoY3KIr0RPtn9wQ2unlA+GMkRw6+9TFw4YTwDUzx\/JVvARj9KaedXRO8P5B1Du2S32smzqUrcKGEyA+uAgQjKX7zf0boWHGfn71jIKj2689gxp7OAGShNcBUmLMPVjZuiKcA2vuWHHDCQxMCz629kXAIU4ApY15QwggAFbfOP9DhgBJ+nWVJ1AZAfICAj1pAlY6hCADZnveQf7bQIwzVONGJonhLIlS9gr5mFg44Xd+4S3XHoGNPdJl1INIwKyEgHckEhgTe1bGiFY9GSFBYUwLh1IkiJUbY407E7syBSFxKTszEoiE\/YdrgCEayDmtaJwCI9uu8TKMuZSVfSa4BpGgzvomBR\/INhLGzrqDotp01ZR8pn\/1L0JN9d9XNyx0AAAAAElFTkSuQmCC","canUser":{"general":false,"advanced":false,"snippet":false,"social":false,"analysis":false,"analytics":false,"content_ai":false},"showKeywordIntent":true,"isPro":false,"is_front_page":false,"trendsUpgradeLink":"https:\/\/rankmath.com\/pricing\/?utm_source=Plugin&utm_medium=CE%20General%20Tab%20Trends&utm_campaign=WP","trendsUpgradeLabel":"Upgrade","trendsPreviewImage":"https:\/\/vinilonamai.lt\/wp-content\/plugins\/seo-by-rank-math\/assets\/admin\/img\/trends-preview.jpg","currentEditor":false,"homepageData":{"assessor":{"powerWords":[],"diacritics":true,"researchesTests":["contentHasTOC","contentHasShortParagraphs","contentHasAssets","keywordInTitle","keywordInMetaDescription","keywordInPermalink","keywordIn10Percent","keywordInContent","keywordInSubheadings","keywordInImageAlt","keywordDensity","keywordNotUsed","lengthContent","lengthPermalink","linksHasInternal","linksHasExternals","linksNotAllExternals","titleStartWithKeyword","titleSentiment","titleHasPowerWords","titleHasNumber","hasContentAI"],"hasBreadcrumb":false,"serpData":{"title":"%sitename% %page% %sep% %sitedesc%","description":"","titleTemplate":"%sitename% %page% %sep% %sitedesc%","descriptionTemplate":"","focusKeywords":"","breadcrumbTitle":"Home","robots":{"index":true},"advancedRobots":[],"facebookTitle":"","facebookDescription":"","facebookImage":"","facebookImageID":""}}},"tocTitle":"Table of Contents","tocExcludeHeadings":[],"listStyle":"ul"},"_links":{"self":[{"href":"https:\/\/vinilonamai.lt\/index.php?rest_route=\/wp\/v2\/pages\/2","targetHints":{"allow":["GET"]}}],"collection":[{"href":"https:\/\/vinilonamai.lt\/index.php?rest_route=\/wp\/v2\/pages"}],"about":[{"href":"https:\/\/vinilonamai.lt\/index.php?rest_route=\/wp\/v2\/types\/page"}],"author":[{"embeddable":true,"href":"https:\/\/vinilonamai.lt\/index.php?rest_route=\/wp\/v2\/users\/2"}],"replies":[{"embeddable":true,"href":"https:\/\/vinilonamai.lt\/index.php?rest_route=%2Fwp%2Fv2%2Fcomments&post=2"}],"version-history":[{"count":1,"href":"https:\/\/vinilonamai.lt\/index.php?rest_route=\/wp\/v2\/pages\/2\/revisions"}],"predecessor-version":[{"id":33948,"href":"https:\/\/vinilonamai.lt\/index.php?rest_route=\/wp\/v2\/pages\/2\/revisions\/33948"}],"wp:attachment":[{"href":"https:\/\/vinilonamai.lt\/index.php?rest_route=%2Fwp%2Fv2%2Fmedia&parent=2"}],"curies":[{"name":"wp","href":"https:\/\/api.w.org\/{rel}","templated":true}]}}